he value of (-290 - -300) + (-5 + 8 - -16)?
29
Evaluate -41 - -85 - (131 - -25).
-112
Evaluate (8 - 1) + (23 - 10) + 14.
34
Calculate -12 + (22 - 12) + -3 + 30.
25
Calculate (93 + 3 + 0 - -2) + 134 + 76 + -220.
88
Evaluate 64 + -124 - -55 - (5 - -19).
-29
What is -41 + (12 - (47 + -35))?
-41
(20 - 1 - (-373 - -373)) + 42
61
What is 116 - 107 - (-1 + 5) - 75?
-70
58 + -106 - (-5 - -14)
-57
7941 - 7944 - (-1 - (2 - 12))
-12
What is the value of 9 - (-1 + 10 + (-7 - 30 - 13))?
50
What is -12 + (20 - 9) + -8 - -15 - 49?
-43
Evaluate 14 - (-1 + -21 + (-1259 - -1274)).
21
Calculate 24 + -21 + 21 - (1 + -3).
26
-2558 - -2456 - (-4 - (-3 + 1))
-100
What is the value of -40 + 23 - (-5 + 26 + 24)?
-62
What is the value of -10 - (-20 - -10 - (-5 + 16 + -7 - -9))?
13
Evaluate (20 - (-17 - (-9 + -19))) + (1 - -13).
23
23 + (-39 - (101 - 104))
-13
What is the value of 79 + (-109 - -32) + 1 + (-2 - -1) + 56?
58
Calculate -19 + 9 + -1 + 2 + 11 + -22 - -6.
-14
Evaluate -60 - (51 + -19 + -52).
-40
What is the value of (24 + -28 - -14 - 36) + -28?
-54
What is 10 - 21 - (-10 - (10 + (-40 - 8)))?
-39
What is -13 - (-3 + (-43 - (-4 + 18 + -13)))?
34
-18 + 2 - (-2145 + 2112)
17
What is the value of -4 - (-48 - -82 - (7 - 4) - -8)?
-43
Evaluate -14 + 24 + 7 - 16 - (-50 - 2 - 4).
57
Calculate 8 + -1 + (59 + -87 - (35 - 0 - -6)).
-62
Evaluate -74 - (38 - (126 - 102)).
-88
8 + -13 - (-2 + 9 - 20) - (-11 + 2)
17
What is the value of -7 + -75 + -3 + (-24 + 40 + -2 - 0)?
-71
Evaluate -13 + (-66 - (-79 - 41)).
41
What is 0 + 0 - (112 + -101) - (70 - 32)?
-49
(5 - 3) + -1 + 87 - (59 - 48) - 12
65
What is the value of 8 - (-28 - -44) - (-2 + -1 - -1 - -3)?
-9
-4 + 5 + (-3 - (20 + (1 - 7)))
-16
(97 - 164 - -142) + -93
-18
What is the value of -13 + 1 + 2 + -1 - (-906 - -947)?
-52
15 + -7 + -8 - (87 + -85)
-2
Calculate 9 + (-3 + 1 - 1) + (-119 + 21 - -31).
-61
Evaluate 90 + -84 - (14 + -2 + 7) - -33.
20
What is (-17 - 15) + 118 - (7 - ((-8 - -14) + 13))?
98
17 + -12 + -13 + (-6 - (3 - 65))
48
Evaluate -2 - (0 + 20) - (16 + (-63 - (-83 - -36))).
-22
What is 5 + -28 + 40 + 6 - -45?
68
25 + -34 + 29 + (20 - -1)
41
Calculate 18 - ((37 - 90) + 144).
-73
Evaluate -86 + 1 + (-662 - -689) - -9.
-49
(-1 - 1 - -7) + -53 - (-32 + -2 + 42)
-56
(10 - (1 + 1)) + (-13 - (-35 + 19)) + -13
-2
What is -1192 + 1200 - (-2 + (-3 - -41))?
-28
What is (5 + -23 - (0 + -1) - -7 - 6) + -5?
-21
Evaluate (-19 + -22 + 43 - 29) + -72.
-99
Evaluate (26 - 18) + -8 - (-11 + -1 + -1).
13
Calculate 628 + -5 + -620 - (-2 - -1 - 0 - -13).
-9
What is the value of 10 - (66 + -12 + 22 + -29)?
-37
What is the value of 0 + 7 + (8 + (1 - 8) - 11 - 1)?
-4
7 + (-8 - -5) + (1 - (4 + -8)) - 83
-74
Calculate 28 - (69 - 24) - -12.
-5
Calculate 213 - (-10 + 79) - 91.
53
-79 + (-9 - (-8 - 7)) - (-2 - 9) - -8
-54
What is (-10 - ((-9 - 0) + (-3 - (4 + -1)))) + -34?
-29
-1 + -82 + (-825 - -872)
-36
What is the value of -74 - -7 - (-573 + 513)?
-7
(159 - 63) + -82 - (4 - (1 + 0)) - -4
15
What is 2 + -49 - (-12 - (4 + -12 + 15 - 16))?
-44
Evaluate -36 - (-19 - 0) - (-73 + (-3 - -2)).
57
Calculate (-29 - -52) + 5 - 47 - 27.
-46
Evaluate 12 + 0 + (24 - (-9 - -22) - -5) - 6.
22
Evaluate -10 - (-26 - 24 - 13).
53
What is the value of 42 + -27 + 15 + (38 - -24)?
92
What is -48 - (-1 - 22) - (-24 - -23)?
-24
22 - (-11 + 46 + -12) - (103 + 5 + 5)
-114
What is (47 - (44 - 6) - (5 + 1)) + (-60 - 2)?
-59
(49 - -6) + 1 + -1 + (-3 - 5)
47
Evaluate -1 + -3 + (-473 - -461) - (1 - -12).
-29
-6098 + 6136 - (117 - -2)
-81
What is -39 + -22 + (-13 - -20) + (-15 - -6)?
-63
What is -2 - -2 - (69 + -67 + -5)?
3
3 - 3 - (0 + -2 + -9 + 1) - 36
-26
Evaluate (-53 - (-15 - 47)) + (-65 - (3 + -3 - 4)).
-52
4 + 22 + (9 - 37) + (2 - -22 - 2)
20
Calculate -34 - (-101 + 28 - -13).
26
Evaluate 10 + 47 + -88 - (1 + 9).
-41
1 - 63 - (97 - (-129 - -201))
-87
-21 + (-9 + 9 - 5 - -5 - -9)
-12
Evaluate 15 + (206 + -79 - 44).
98
Calculate -5 - 39 - (361 - 325).
-80
What is (-3 - 67) + 2 + (7 - (23 + -5))?
-79
Calculate 81 - (13 - -1 - (-88 + 60 + 41)).
80
Evaluate 5 + 14 + (-186 - -141).
-26
What is 8 + (7 - 114) + (8 - (2 - 2 - 4))?
-87
What is 5 - (21 + (-42 - -18)) - 56?
-48
(-8 - 14 - -24) + (-4 - -4 - -61)
63
Calculate -27 + (-16 + 5 - -14 - 0 - (-5 - -14)).
-33
0 - -124 - (29 - (36 - (16 - (-10 + 4))))
109
-2 + 1 + -8 + 9 - (-125 + 200 + 11)
-86
-12 + (39 + 2 - (2 - 12 - (80 + -91)))
28
-6 - -2 - (7 - 3 - 49) - (1 + -3)
43
Evaluate -4 + 6 - (4 + 21) - (-27 + 40).
-36
Calculate -7 - (170 + -76 + 44 + -24).
-121
What is 80 - (117 - 114) - 147?
-70
What is the value of ((-12 + -4 - -6) + -2 + 19 - 13) + 5?
-1
What is the value of (-87 - -29) + -41 - -101?
2
What is -121 + 210 + -44 + -2 + 1 + 17?
61
Calculate 20 + -20 - 15 - -45 - 11.
19
Calculate -11 + (-42 - (-26 - -2 - -8)).
-37
Calculate 45 + (95 + -25 - 107).
8
What is the value of -8 + 9 + -20 + 3 + 8?
-8
What is the value of -43 + -12 + 0 - (224 + -244)?
-35
What is 18 + 31 + 8 + -4 - 13?
40
Evaluate -24 + -100 + 25 + 51.
-48
What is -3 - -8 - (347 - 449)?
107
Calculate -252 + 209 - (5 - 39).
-9
Evaluate 37170 - 37171 - (-1 - 28).
28
What is the value of -53 - (-171 + 116) - (21 + 1 + -3)?
-17
Calculate (5 - 6) + -14 + 10 + -3 - (-102 - -2).
92
Calculate -2 + 11 + (8 - 16 - (10 + -2)).
-7
Calculate -1 + -9 + (9 + (7 - 1) + -24 - 13).
-32
What is the value of (-2 + 3 - -4) + (210 - (151 + 48))?
16
What is 34 + -18 + (0 - 2 - 8) - 12?
-6
Evaluate 59 - (10 + 61) - (7 - 3 - (2 - 1)).
-15
(23 - (11 - (22 + -132))) + (-9 - -9 - -8)
-90
What is (-11 - -9) + -1 + -10 + (11 - 1) + -23?
-26
What is the value of 21 + 0 - 14 - (-4 + (-3 - 39))?
53
Evaluate (15 + -7 - (16 + -2) - 5) + (-1 - 1).
-13
What is the value of 68 - (28 - 53 - -67)?
26
Calculate (-25 - -34) + (367 - 340).
36
21 - (103 - 53) - -45
16
What is the value of -4 - (-7 + -1) - (12 - (-34 - 7))?
-49
What is the value of (-114 - -237) + -71 - (-17 + 2)?
67
What is -1 - -9 - (33 + (-16 - (4 - 8) - 55))?
42
What is 26 + -18 + -26 + -9 + -6 + -10?
-43
Evaluate (-28 - -5 - 39) + 49.
-13
-31 - (-23 + -56 + 6)
42
What is -36 + 106 + -14 + -66?
-10
Calculate -1 + 8 + -6 + (6 - (-9 - 31)).
47
Evaluate 2 + -3 + (-3 + -2 - -13) + -50 + -13.
-56
Evaluate (-7149 - -7099) + 1 + 75.
26
What is 7 + -7 + (6 - 3) - (5 - -6) - 69?
-77
What is the value of (43 - (105 + -50)) + (-3 - (0 - -1))?
-16
Calculate 9 + (4 - 23 - (-19 - -21)) - (-50 + -1).
39
68 - 98 - (-5 - (8 - 4 - (5 - -2)))
-28
What is (-54 - (2 + -12)) + (-690 - -729)?
-5
Calculate (4 - -1) + (-3 - (-41 + -2 + -5)).
50
What is -88 - (-339 - -65) - 57?
129
Calculate -45 - (-12 + 7 + -22 + 21).
-39
What is the value of 2 - (27 - (20 + -8 - 20) - -10)?
-43
What is the value of -36 + -7 + 74 - 78?
-47
1 + -30 + (35 + -24 - (3 - -1))
-22
What is 196 + (154 - 354) - (2 + 2 + -17 + 1)?
8
Calculate -23 + 46 - (1 + 24) - -7.
5
Calculate (-18 - 8) + -22 - -65.
17
What is (-14 + 40 - 16) + 12 + 9?
31
What is the value of 21 + (30 - 79) + 27 + -2 + 30?
27
What is -10 + -1 + (-2 - (-22 - -22)) + 73?
60
What is the value of 9 + 88 + (-2 - (-2 + (16 - (1 - -4))))?
86
Evaluate (-7 + (8 - 0 - (65 + -60)) - -1) + -4.
-7
Evaluate -37 + (-1 - 19 - -31 - 16).
-42
Calculate 39 - (9 - (-1 - 11 - -10)).
28
-9337 + 9421 + -61 + -1
22
What is the value of -25 + (30 - (34 - 41))?
12
What is 6 - 0 - (-52 - -37) - (-14 + 2)?
33
Calculate -1 + -5 + (6 - 3) + -14828 + 14752.
-79
(-23 - (9 - 30)) + (8 - -17)
23
What is 15 + (-5 + 22 - ((-3 - -7) + 1 + 5))?
22
4 - 46 - (31 - 26) - (0 - 6)
-41
Calculate (96 - 2) + 700 + -749.
45
(74 - (-15 - -32)) + 9
66
What is the value of 130 + -295 + 111 - (-1 + -20)?
-33
What is 544 - 628 - (-7 - 3)?
-74
Calculate -74 + 40 - (-4 + -6 + -9).
-15
Calculate 23 - (16 + (-8 + 14 + 0 - 29)).
30
Evaluate 18 - (-5 + (-15 + 1 - -14) - 39).
62
Evaluate -58 - ((-16 - 12) + 4 - -4).
-38
What is 5 + (3 - 1) + -97 + 16 + (-4 - -1)?
-77
Calculate -17 - ((26 - 27) + 2 + -33).
15
What is (3 - 81) + 10 + 72 + -59?
-55
What is -14 - (-11 - (68 + 0 + (30 - 42)))?
53
What is (-21 - (-12 - -17)) + -45 - 8?
-79
What is the value of 169 - 153 - (-12 - 37)?
65
Evaluate 11 - ((-4 - -2 - -16) + 457 + -457).
-3
Calculate -1 + 39 - (1491 - 1483) - 2.
28
-40 + 39 - 78 - -95
16
Calculate -21 + 0 + 7 - (-6 - (12 - 0)).
4
What is the va